{"id":198,"date":"2023-04-12T21:07:15","date_gmt":"2023-04-12T19:07:15","guid":{"rendered":"https:\/\/wp.aloojamiento.com\/tienda\/?page_id=198"},"modified":"2024-01-07T17:20:44","modified_gmt":"2024-01-07T16:20:44","slug":"condiciones-de-compra-y-gastos-de-envio","status":"publish","type":"page","link":"https:\/\/wp.aloojamiento.com\/tienda\/condiciones-de-compra-y-gastos-de-envio\/","title":{"rendered":"Condiciones de compra y gastos de env\u00edo"},"content":{"rendered":"<h2><strong>CONDICIONES DE CONTRATACI\u00d3N DE LA TIENDA ONLINE<\/strong><\/h2>\n<h3><strong>MODIFICACI\u00d3N DE LAS PRESENTES CONDICIONES Y DURACI\u00d3N<\/strong><\/h3>\n<p> podr\u00e1 modificar en cualquier momento las condiciones aqu\u00ed determinadas, siendo debidamente publicadas como aqu\u00ed aparecen. La vigencia de las citadas condiciones ir\u00e1 en funci\u00f3n de su exposici\u00f3n y estar\u00e1n vigentes hasta que sean modificadas por otras debidamente publicadas. La ultima modificaci\u00f3n de las condiciones es del 18\/11\/2020.<\/p>\n<h3><strong>SEGURIDAD<\/strong><\/h3>\n<p>El sitio web utiliza t\u00e9cnicas de seguridad de la informaci\u00f3n generalmente aceptadas en la industria, tales como firewalls, procedimientos de control de acceso y mecanismos criptogr\u00e1ficos, todo ello con el objeto de evitar el acceso no autorizado a los datos. Para lograr estos fines, el usuario\/cliente acepta que el prestador obtenga datos para efectos de la correspondiente autenticaci\u00f3n de los controles de acceso.<\/p>\n<p>Nuestro servidor seguro garantiza la privacidad de los datos que nos transmites. Dicha privacidad se consigue mediante el protocolo SSL, encriptando los datos enviados mediante el sistema de cifrado RSA, de forma que nadie pueda apropiarse de ellos ya que no dispone de la clave necesaria. Puedes comprobar que tu navegador es seguro si aparece el s\u00edmbolo del candado y tambi\u00e9n se puede apreciar que la URL var\u00eda ligeramente: ya no empieza con http sino con https.<\/p>\n<h3><strong>GASTOS DE ENVIO<\/strong><\/h3>\n<p>Los gastos de env\u00edo y\/o gesti\u00f3n no est\u00e1n comprendidos en el precio y te ser\u00e1n mostrados antes de finalizar tu compra, en funci\u00f3n de la direcci\u00f3n de env\u00edo de cada pedido. A continuaci\u00f3n, te detallamos en la siguiente tabla los gastos de env\u00edo:<\/p>\n<ul>\n<li>Espa\u00f1a: 2,95 \u20ac (pen\u00ednsula), 4,95 \u20ac (Baleares)<\/li>\n<li>Para env\u00edos a Canarias, por favor, cons\u00faltanos primero.<\/li>\n<li>Europa: 8,95 \u20ac. Resto del Mundo: 9,95 \u20ac<\/li>\n<\/ul>\n<p>Plazo de entrega en Espa\u00f1a: Entre 1 y 2 d\u00edas.<\/p>\n<h3><strong>REALIZACION DEL PEDIDO<\/strong><\/h3>\n<p>Para realizar un pedido es necesario conectarse a , y registrarse como usuario, cumplimentando el formulario electr\u00f3nico que en cada momento aparezca en la p\u00e1gina web de la tienda online y siguiendo las instrucciones indicadas en el mismo. Tras el registro, y para proceder a la compra de productos, deber\u00e1s a\u00f1adir el producto que deseas adquirir a la cesta, seg\u00fan las indicaciones recogidas en pantalla, cumplimentando a estos efectos el formulario de pedido suministrado y validando el mismo.<\/p>\n<p>Los precios presentados en el sitio web son v\u00e1lidos \u00fanica y exclusivamente para pedidos online realizados en . Todos los precios publicados en nuestra p\u00e1gina web son con IVA incluido.<\/p>\n<p>La validaci\u00f3n del pedido por parte del cliente supone expresamente el conocimiento y aceptaci\u00f3n de estas condiciones generales de contrataci\u00f3n como parte de la celebraci\u00f3n del contrato.<\/p>\n<p><strong>Una vez efectuada la compra y en el plazo m\u00e1s breve posible, siempre antes de que transcurran 24 horas desde la ejecuci\u00f3n de la compra, el Servicio de Atenci\u00f3n al Cliente de  te remitir\u00e1 por e-mail un comprobante de la compra.<\/strong><\/p>\n<p>Si no est\u00e1s de acuerdo con los datos consignados en dicha confirmaci\u00f3n podr\u00e1s solicitar la modificaci\u00f3n de los mismos o la anulaci\u00f3n del contrato.<\/p>\n<h3><strong>LENGUA DE FORMALIZACION DEL CONTRATO<\/strong><\/h3>\n<p>La lengua o lenguas en que podr\u00e1 formalizarse el contrato en esta pagina web es el castellano.<\/p>\n<h3><strong>DISPONIBILIDAD DE LOS PRODUCTOS<\/strong><\/h3>\n<p>La selecci\u00f3n de productos ofrecidos en , es v\u00e1lida en tanto que los productos est\u00e9n visibles en el sitio web. Al tratarse de comercio electr\u00f3nico, el stock se actualiza online, por lo que podr\u00eda suceder, eventualmente, que durante el proceso de compra se agote el stock.<\/p>\n<p>Si llegara a darse este caso te informaremos de manera inmediata para ofrecerte una alternativa o bien, devolverte el importe abonado por el producto.<\/p>\n<h3><strong>FORMA DE EFECTUAR RECLAMACIONES<\/strong><\/h3>\n<p>Para realizar cualquier reclamaci\u00f3n en relaci\u00f3n a las obligaciones establecidas en el Articulo 110 de la Ley 3\/2014 deber\u00e1 ponerse en contacto con nosotros.<\/p>\n<h3><strong>FALTA DE EJECUCION DEL CONTRATO<\/strong><\/h3>\n<p>En caso de la no ejecuci\u00f3n del contrato por parte de la entidad por no encontrarse disponible producto comprado o por cualquier otro motivo, se le informara al cliente de esta falta de disponibilidad y\/o motivo que lo justifique y recuperara sin ninguna demora indebida las sumas que haya abonado en virtud del mismo.<span class=\"Apple-converted-space\">\u00a0 <\/span>En caso de retraso injustificado por parte de  respecto a la devoluci\u00f3n de las sumas abonadas, el cliente podr\u00e1 reclamar que se le pague el doble del importe adeudado, sin perjuicio a su derecho de ser indemnizado por los da\u00f1os y perjuicios sufridos en lo que excedan de dicha cantidad.<\/p>\n<h3><strong>MODO Y PLAZOS DE ENVIO<\/strong><\/h3>\n<p>Los productos se env\u00edan a la direcci\u00f3n de env\u00edo que nos hayas indicado en el pedido. En el caso de realizar un pedido de varios art\u00edculos con diferentes disponibilidades, el plazo para la expedici\u00f3n tendr\u00e1 en cuenta la entrega prevista m\u00e1s larga. En casos excepcionales,  se reservar\u00e1 el derecho a desglosar el pedido, enviando los art\u00edculos disponibles y dejando pendiente de un segundo env\u00edo, los art\u00edculos no disponibles.<\/p>\n<p>Para realizar el transporte y entrega de los env\u00edos, hemos elegido a una\u00a0 empresa de mensajer\u00eda de reconocido prestigio.<\/p>\n<p>El tiempo de env\u00edo establecido depender\u00e1 del pedido solicitado. Ser\u00e1 de aproximadamente cinco d\u00edas h\u00e1biles desde la recepci\u00f3n del pago, considerando los d\u00edas h\u00e1biles los d\u00edas laborales de lunes a viernes.<\/p>\n<p>En el supuesto de que el cliente detectase alg\u00fan problema en el momento de la entrega de su pedido (embalaje estropeado, productos faltantes o deteriorados) debe indicarlo por escrito en el albar\u00e1n de entrega del transportista, y contactar dentro de los 14 d\u00edas siguientes a la recepci\u00f3n. No se admitir\u00e1 ninguna devoluci\u00f3n de art\u00edculo da\u00f1ado, as\u00ed como reclamaci\u00f3n de art\u00edculo faltante, si no ha sido comunicado dentro del plazo establecido, remiti\u00e9ndonos fotos y descripci\u00f3n del problema.<\/p>\n<p>Todo ello sin perjuicio del derecho de garant\u00eda para los productos no conformes con el contrato que asiste a todo consumidor, conforme a la normativa vigente\u201d.<\/p>\n<p>En caso que tu pedido haya sido enviado y no tenga noticias de la entrega, puedes contactar con nuestro Servicio de Atenci\u00f3n al Cliente a trav\u00e9s de: <\/p>\n<h3><strong>PAGO<\/strong><\/h3>\n<p> acepta el pago por Tarjeta de Cr\u00e9dito,\u00a0puedes utilizar Visa y MasterCard. Si realizas el pago con tarjeta VISA o Maestro, el cobro sobre tu tarjeta se efectuar\u00e1 en diferido, esto es, en el momento\u00a0 de realizar el env\u00edo. De esta forma, s\u00f3lo se cobrar\u00e1n los art\u00edculos enviados y en el momento del env\u00edo. En el caso de que el TPV informara de la denegaci\u00f3n de la tarjeta, se cancelar\u00e1 autom\u00e1ticamente el pedido, informando online al cliente de la anulaci\u00f3n. Para pagos realizados con tarjetas emitidas fuera de Espa\u00f1a, es necesario que el banco emisor est\u00e9 acogido al Protocolo de Seguridad de Comercio Electr\u00f3nico Seguro (CES). No se admitir\u00e1n pagos con tarjetas que no cumplan este requisito. Como alternativa te proponemos el pago por transferencia.  se reserva el derecho a rechazar cualquier operaci\u00f3n realizada con tarjeta de cr\u00e9dito. En este caso procederemos a reintegrar el efectivo en la tarjeta original. En estos casos y si el cliente est\u00e1 interesado en progresar en la compra de los art\u00edculos solicitaremos una transferencia bancaria.<\/p>\n<h3><strong>DERECHO DE DESISTIMIENTO<\/strong><\/h3>\n<p>Si no quedas satisfecho, puedes efectuar la devoluci\u00f3n de tus compras realizadas en  en nuestra oficina situada en , cumplimentando el documento de desistimiento que te puedes descargar aqu\u00ed.<\/p>\n<ul>\n<li><a href=\"..\/documento-de-desistimiento\">Descarga aqu\u00ed el documento de desistimiento<\/a>.<\/li>\n<\/ul>\n<p>El plazo m\u00e1ximo para solicitar la devoluci\u00f3n se estipula en los siguientes plazos, desde la recepci\u00f3n del pedido:<\/p>\n<p>-14 d\u00edas naturales para todos los productos de nuestra tienda online.<\/p>\n<p>La devoluci\u00f3n se realizar\u00e1 en la misma forma de pago de la compra. Este derecho es adicional al derecho de garant\u00eda\u00a0 reconocido en el RDL 1\/2007 de 16 noviembre sobre la defensa de los consumidores y usuarios.<\/p>\n<p>Las circunstancias que pueden provocar una devoluci\u00f3n son las siguientes:<\/p>\n<p>a) Si el producto que has pedido no te satisface: Puedes devolverlo a trav\u00e9s de mensajero a .\u00a0Te reembolsaremos el importe del producto pero no los gastos de devoluci\u00f3n del producto.<\/p>\n<p>b) Si desearas efectuar un cambio por otro art\u00edculo, los gastos de devoluci\u00f3n no ser\u00e1n asumidos por <\/p>\n<p>c) Producto que, por error, no corresponde al del pedido:  correr\u00e1 con los gastos de recogida del producto equivocado y entrega del correspondiente al del pedido realizado.<\/p>\n<p>d) Los productos deber\u00e1n estar embalados y sin desprecintar. El embalaje debe encontrarse en perfecto estado y conservar todos sus accesorios e instrucciones de origen para poder ser devuelto.<\/p>\n<p>Ni en las tiendas f\u00edsicas, ni en la tienda online de , se admitir\u00e1n devoluciones de productos que no hayan sido adquiridos en la entidad.<\/p>\n<p>En todos los casos, los productos deber\u00e1n encontrarse en perfectas condiciones, en su embalaje original y con los manuales, accesorios o regalos promocionales,\u00a0 en su caso, incluidos.<\/p>\n<p>De conformidad con el art\u00edculo 103 de la Ley 3\/2014 de Defensa de los Consumidores y usuarios, se except\u00faa el derecho de desistimiento para aquellos productos que est\u00e9n claramente personalizados o que se hayan realizado conforme a las especificaciones del cliente.<\/p>\n<p><a href=\"..\/documento-de-desistimiento\">Descarga aqu\u00ed el documento de desistimiento<\/a>.<\/p>\n<h3><strong>ANULACI\u00d3N DEL PEDIDO<\/strong><\/h3>\n<p>En caso de que se anule un pedido antes de su salida, el cliente no tendr\u00e1 ning\u00fan gasto. En el caso de que se anule un pedido despu\u00e9s de la salida de la mercanc\u00eda, el cliente se encargar\u00e1 de los gastos de env\u00edo as\u00ed como de los gastos de devoluci\u00f3n del pedido.<\/p>\n<h3><strong>GARANTIA DE LOS PRODUCTOS<\/strong><\/h3>\n<p>El plazo de garant\u00eda es de 2 a\u00f1os, desde la entrega del producto, si bien en la misma no se incluyen deficiencias ocasionadas por negligencias, golpes, uso incorrecto o manipulaciones indebidas, ni materiales que est\u00e9n desgastados por el uso. Salvo prueba en contrario, se presumir\u00e1 que las faltas de conformidad que se manifiesten en los 6 meses posteriores a la entrega del producto, sea \u00e9ste nuevo o de segunda mano, ya exist\u00edan cuando la cosa se entreg\u00f3, excepto cuando esta presunci\u00f3n sea incompatible con la naturaleza del\u00a0 producto o la \u00edndole de la falta de conformidad.  se reserva el derecho a solicitar a un servicio t\u00e9cnico oficial de la marca, una verificaci\u00f3n del origen del problema. En caso de resultar un defecto provocado por el mal uso, la reparaci\u00f3n ser\u00e1 facturable. En aqu\u00e9llos supuestos que justifiquen la aplicaci\u00f3n de la garant\u00eda, se optar\u00e1 por la reparaci\u00f3n, sustituci\u00f3n del art\u00edculo, rebaja o devoluci\u00f3n, en los t\u00e9rminos legalmente establecidos.<\/p>\n<h3><strong>REEMBOLSO DE LOS IMPORTES PAGADOS<\/strong><\/h3>\n<p>El reembolso se efectuar\u00e1 a trav\u00e9s del medio de pago que utiliz\u00f3 en la compra.<\/p>\n<p> no devolver\u00e1 el importe o realizar\u00e1 ning\u00fan reenv\u00edo de mercanc\u00eda mientras no se haya verificado la recepci\u00f3n y estado de embalaje y accesorios del art\u00edculo objeto de la devoluci\u00f3n o cambio en nuestros almacenes. El precio a devolver es el que originalmente figuraba en el pedido, excepto los gastos de transporte. Una vez verificado el correcto estado del producto devuelto,  proceder\u00e1 al reembolso del importe en el plazo m\u00e1ximo de 15 d\u00edas.<\/p>\n<h3><strong>LEGISLACI\u00d3N APLICABLE Y JURISDICCI\u00d3N<\/strong><\/h3>\n<p>La relaci\u00f3n entre  y el USUARIO se regir\u00e1 por la normativa espa\u00f1ola vigente y cualquier controversia se someter\u00e1 a los Juzgados y tribunales de la ciudad que corresponda<\/p>\n<h4><strong>PLATAFORMA DE RESOLUCION DE LITIGIOS EN LINEA<\/strong><\/h4>\n<p>La entidad esta adherida a la resoluci\u00f3n de litigios en l\u00ednea en materia de consumo conforme al Art. 14.1 del Reglamento (UE) 524\/2013: La Comisi\u00f3n Europea facilita una plataforma de resoluci\u00f3n de litigios en l\u00ednea que se encuentra disponible en el siguiente enlace:<\/p>\n<p><a href=\"http:\/\/ec.europa.eu\/consumers\/odr\/\">http:\/\/ec.europa.eu\/consumers\/odr\/<\/a><\/p>\n<p>Los consumidores podr\u00e1n someter sus reclamaciones a trav\u00e9s de la plataforma de resoluci\u00f3n de litigios en l\u00ednea.<\/p>\n","protected":false},"excerpt":{"rendered":"<p>CONDICIONES DE CONTRATACI\u00d3N DE LA TIENDA ONLINE MODIFICACI\u00d3N DE LAS PRESENTES CONDICIONES Y DURACI\u00d3N podr\u00e1 modificar en cualquier momento las condiciones aqu\u00ed determinadas, siendo debidamente publicadas como aqu\u00ed aparecen. La vigencia de las citadas condiciones ir\u00e1 en funci\u00f3n de su exposici\u00f3n y estar\u00e1n vigentes hasta que sean modificadas por otras debidamente publicadas. La ultima modificaci\u00f3n [&hellip;]<\/p>\n","protected":false},"author":1,"featured_media":0,"parent":0,"menu_order":10,"comment_status":"closed","ping_status":"closed","template":"","meta":{"site-sidebar-layout":"default","site-content-layout":"default","ast-site-content-layout":"normal-width-container","site-content-style":"default","site-sidebar-style":"default","ast-global-header-display":"","ast-banner-title-visibility":"","ast-main-header-display":"","ast-hfb-above-header-display":"","ast-hfb-below-header-display":"","ast-hfb-mobile-header-display":"","site-post-title":"","ast-breadcrumbs-content":"","ast-featured-img":"","footer-sml-layout":"","ast-disable-related-posts":"","theme-transparent-header-meta":"default","adv-header-id-meta":"","stick-header-meta":"default","header-above-stick-meta":"","header-main-stick-meta":"","header-below-stick-meta":"","astra-migrate-meta-layouts":"set","ast-page-background-enabled":"default","ast-page-background-meta":{"desktop":{"background-color":"","background-image":"","background-repeat":"repeat","background-position":"center center","background-size":"auto","background-attachment":"scroll","background-type":"","background-media":"","overlay-type":"","overlay-color":"","overlay-opacity":"","overlay-gradient":""},"tablet":{"background-color":"","background-image":"","background-repeat":"repeat","background-position":"center center","background-size":"auto","background-attachment":"scroll","background-type":"","background-media":"","overlay-type":"","overlay-color":"","overlay-opacity":"","overlay-gradient":""},"mobile":{"background-color":"","background-image":"","background-repeat":"repeat","background-position":"center center","background-size":"auto","background-attachment":"scroll","background-type":"","background-media":"","overlay-type":"","overlay-color":"","overlay-opacity":"","overlay-gradient":""}},"ast-content-background-meta":{"desktop":{"background-color":"var(--ast-global-color-5)","background-image":"","background-repeat":"repeat","background-position":"center center","background-size":"auto","background-attachment":"scroll","background-type":"","background-media":"","overlay-type":"","overlay-color":"","overlay-opacity":"","overlay-gradient":""},"tablet":{"background-color":"var(--ast-global-color-5)","background-image":"","background-repeat":"repeat","background-position":"center center","background-size":"auto","background-attachment":"scroll","background-type":"","background-media":"","overlay-type":"","overlay-color":"","overlay-opacity":"","overlay-gradient":""},"mobile":{"background-color":"var(--ast-global-color-5)","background-image":"","background-repeat":"repeat","background-position":"center center","background-size":"auto","background-attachment":"scroll","background-type":"","background-media":"","overlay-type":"","overlay-color":"","overlay-opacity":"","overlay-gradient":""}},"footnotes":""},"class_list":["post-198","page","type-page","status-publish","hentry"],"acf":[],"yoast_head":"<!-- This site is optimized with the Yoast SEO plugin v27.4 - https:\/\/yoast.com\/product\/yoast-seo-wordpress\/ -->\n<title>Condiciones de compra y gastos de env\u00edo - T\u00edtulo de la tienda<\/title>\n<meta name=\"description\" content=\"Condiciones de compra y gastos de env\u00edo de T\u00edtulo de la tienda\" \/>\n<meta name=\"robots\" content=\"noindex, follow, max-snippet:-1, max-image-preview:large, max-video-preview:-1\" \/>\n<meta property=\"og:locale\" content=\"es_ES\" \/>\n<meta property=\"og:type\" content=\"article\" \/>\n<meta property=\"og:title\" content=\"Condiciones de compra y gastos de env\u00edo - T\u00edtulo de la tienda\" \/>\n<meta property=\"og:description\" content=\"Condiciones de compra y gastos de env\u00edo de T\u00edtulo de la tienda\" \/>\n<meta property=\"og:url\" content=\"https:\/\/wp.aloojamiento.com\/tienda\/condiciones-de-compra-y-gastos-de-envio\/\" \/>\n<meta property=\"og:site_name\" content=\"T\u00edtulo de la tienda\" \/>\n<meta property=\"article:modified_time\" content=\"2024-01-07T16:20:44+00:00\" \/>\n<meta name=\"twitter:card\" content=\"summary_large_image\" \/>\n<meta name=\"twitter:label1\" content=\"Tiempo de lectura\" \/>\n\t<meta name=\"twitter:data1\" content=\"9 minutos\" \/>\n<script type=\"application\/ld+json\" class=\"yoast-schema-graph\">{\"@context\":\"https:\\\/\\\/schema.org\",\"@graph\":[{\"@type\":\"WebPage\",\"@id\":\"https:\\\/\\\/wp.aloojamiento.com\\\/tienda\\\/condiciones-de-compra-y-gastos-de-envio\\\/\",\"url\":\"https:\\\/\\\/wp.aloojamiento.com\\\/tienda\\\/condiciones-de-compra-y-gastos-de-envio\\\/\",\"name\":\"Condiciones de compra y gastos de env\u00edo - T\u00edtulo de la tienda\",\"isPartOf\":{\"@id\":\"https:\\\/\\\/wp.aloojamiento.com\\\/tienda\\\/#website\"},\"datePublished\":\"2023-04-12T19:07:15+00:00\",\"dateModified\":\"2024-01-07T16:20:44+00:00\",\"description\":\"Condiciones de compra y gastos de env\u00edo de T\u00edtulo de la tienda\",\"breadcrumb\":{\"@id\":\"https:\\\/\\\/wp.aloojamiento.com\\\/tienda\\\/condiciones-de-compra-y-gastos-de-envio\\\/#breadcrumb\"},\"inLanguage\":\"es\",\"potentialAction\":[{\"@type\":\"ReadAction\",\"target\":[\"https:\\\/\\\/wp.aloojamiento.com\\\/tienda\\\/condiciones-de-compra-y-gastos-de-envio\\\/\"]}]},{\"@type\":\"BreadcrumbList\",\"@id\":\"https:\\\/\\\/wp.aloojamiento.com\\\/tienda\\\/condiciones-de-compra-y-gastos-de-envio\\\/#breadcrumb\",\"itemListElement\":[{\"@type\":\"ListItem\",\"position\":1,\"name\":\"Home\",\"item\":\"https:\\\/\\\/wp.aloojamiento.com\\\/tienda\\\/\"},{\"@type\":\"ListItem\",\"position\":2,\"name\":\"Condiciones de compra y gastos de env\u00edo\"}]},{\"@type\":\"WebSite\",\"@id\":\"https:\\\/\\\/wp.aloojamiento.com\\\/tienda\\\/#website\",\"url\":\"https:\\\/\\\/wp.aloojamiento.com\\\/tienda\\\/\",\"name\":\"T\u00edtulo de la tienda\",\"description\":\"Descripci\u00f3n de la tienda\",\"potentialAction\":[{\"@type\":\"SearchAction\",\"target\":{\"@type\":\"EntryPoint\",\"urlTemplate\":\"https:\\\/\\\/wp.aloojamiento.com\\\/tienda\\\/?s={search_term_string}\"},\"query-input\":{\"@type\":\"PropertyValueSpecification\",\"valueRequired\":true,\"valueName\":\"search_term_string\"}}],\"inLanguage\":\"es\"}]}<\/script>\n<!-- \/ Yoast SEO plugin. -->","yoast_head_json":{"title":"Condiciones de compra y gastos de env\u00edo - T\u00edtulo de la tienda","description":"Condiciones de compra y gastos de env\u00edo de T\u00edtulo de la tienda","robots":{"index":"noindex","follow":"follow","max-snippet":"max-snippet:-1","max-image-preview":"max-image-preview:large","max-video-preview":"max-video-preview:-1"},"og_locale":"es_ES","og_type":"article","og_title":"Condiciones de compra y gastos de env\u00edo - T\u00edtulo de la tienda","og_description":"Condiciones de compra y gastos de env\u00edo de T\u00edtulo de la tienda","og_url":"https:\/\/wp.aloojamiento.com\/tienda\/condiciones-de-compra-y-gastos-de-envio\/","og_site_name":"T\u00edtulo de la tienda","article_modified_time":"2024-01-07T16:20:44+00:00","twitter_card":"summary_large_image","twitter_misc":{"Tiempo de lectura":"9 minutos"},"schema":{"@context":"https:\/\/schema.org","@graph":[{"@type":"WebPage","@id":"https:\/\/wp.aloojamiento.com\/tienda\/condiciones-de-compra-y-gastos-de-envio\/","url":"https:\/\/wp.aloojamiento.com\/tienda\/condiciones-de-compra-y-gastos-de-envio\/","name":"Condiciones de compra y gastos de env\u00edo - T\u00edtulo de la tienda","isPartOf":{"@id":"https:\/\/wp.aloojamiento.com\/tienda\/#website"},"datePublished":"2023-04-12T19:07:15+00:00","dateModified":"2024-01-07T16:20:44+00:00","description":"Condiciones de compra y gastos de env\u00edo de T\u00edtulo de la tienda","breadcrumb":{"@id":"https:\/\/wp.aloojamiento.com\/tienda\/condiciones-de-compra-y-gastos-de-envio\/#breadcrumb"},"inLanguage":"es","potentialAction":[{"@type":"ReadAction","target":["https:\/\/wp.aloojamiento.com\/tienda\/condiciones-de-compra-y-gastos-de-envio\/"]}]},{"@type":"BreadcrumbList","@id":"https:\/\/wp.aloojamiento.com\/tienda\/condiciones-de-compra-y-gastos-de-envio\/#breadcrumb","itemListElement":[{"@type":"ListItem","position":1,"name":"Home","item":"https:\/\/wp.aloojamiento.com\/tienda\/"},{"@type":"ListItem","position":2,"name":"Condiciones de compra y gastos de env\u00edo"}]},{"@type":"WebSite","@id":"https:\/\/wp.aloojamiento.com\/tienda\/#website","url":"https:\/\/wp.aloojamiento.com\/tienda\/","name":"T\u00edtulo de la tienda","description":"Descripci\u00f3n de la tienda","potentialAction":[{"@type":"SearchAction","target":{"@type":"EntryPoint","urlTemplate":"https:\/\/wp.aloojamiento.com\/tienda\/?s={search_term_string}"},"query-input":{"@type":"PropertyValueSpecification","valueRequired":true,"valueName":"search_term_string"}}],"inLanguage":"es"}]}},"_links":{"self":[{"href":"https:\/\/wp.aloojamiento.com\/tienda\/wp-json\/wp\/v2\/pages\/198","targetHints":{"allow":["GET"]}}],"collection":[{"href":"https:\/\/wp.aloojamiento.com\/tienda\/wp-json\/wp\/v2\/pages"}],"about":[{"href":"https:\/\/wp.aloojamiento.com\/tienda\/wp-json\/wp\/v2\/types\/page"}],"author":[{"embeddable":true,"href":"https:\/\/wp.aloojamiento.com\/tienda\/wp-json\/wp\/v2\/users\/1"}],"replies":[{"embeddable":true,"href":"https:\/\/wp.aloojamiento.com\/tienda\/wp-json\/wp\/v2\/comments?post=198"}],"version-history":[{"count":5,"href":"https:\/\/wp.aloojamiento.com\/tienda\/wp-json\/wp\/v2\/pages\/198\/revisions"}],"predecessor-version":[{"id":455,"href":"https:\/\/wp.aloojamiento.com\/tienda\/wp-json\/wp\/v2\/pages\/198\/revisions\/455"}],"wp:attachment":[{"href":"https:\/\/wp.aloojamiento.com\/tienda\/wp-json\/wp\/v2\/media?parent=198"}],"curies":[{"name":"wp","href":"https:\/\/api.w.org\/{rel}","templated":true}]}}