{"id":441,"date":"2023-12-28T15:07:23","date_gmt":"2023-12-28T14:07:23","guid":{"rendered":"https:\/\/wp.aloojamiento.com\/tienda\/?page_id=441"},"modified":"2023-12-28T16:20:20","modified_gmt":"2023-12-28T15:20:20","slug":"documento-de-desistimiento","status":"publish","type":"page","link":"https:\/\/wp.aloojamiento.com\/tienda\/documento-de-desistimiento\/","title":{"rendered":"Documento de desistimiento *"},"content":{"rendered":"<p>*Este documento tiene que ser cumplimentado, firmado y enviado en cualquier forma que acredite la fecha de env\u00edo a , domicilio en  junto con el producto devuelto y la copia de la factura.<\/p>\n<p><small>De conformidad con el art\u00edculo 70 de la Ley 1\/2007: \u201cEl ejercicio del derecho de desistimiento no estar\u00e1 sujeto a formalidad alguna, bastando que se acredite en cualquier forma admitida en derecho. En todo caso se considerar\u00e1 v\u00e1lidamente ejercitado mediante el env\u00edo del documento de desistimiento o mediante la devoluci\u00f3n de los productos recibidos.\u201d<\/small><\/p>\n<div class=\"pdfprnt-buttons\"><a href=\"https:\/\/wp.aloojamiento.com\/tienda\/wp-json\/wp\/v2\/pages\/441?print=pdf\" class=\"pdfprnt-button pdfprnt-button-pdf\" target=\"_blank\" ><img decoding=\"async\" src=\"https:\/\/wp.aloojamiento.com\/tienda\/wp-content\/plugins\/pdf-print\/images\/pdf.png\" alt=\"image_pdf\" title=\"Descargar PDF\" \/><span class=\"pdfprnt-button-title pdfprnt-button-pdf-title\">HAGA CLICK PARA DESCARGAR EL DOCUMENTO<\/span><\/a><\/div>\n<hr \/>\n<p>D.\/D\u00f1a. &#8230;&#8230;&#8230;&#8230;&#8230;&#8230;&#8230;&#8230;&#8230;&#8230;&#8230;&#8230;&#8230;&#8230;&#8230;&#8230;.. con DNI &#8230;&#8230;&#8230;&#8230;&#8230;&#8230;&#8230;&#8230;&#8230;&#8230;&#8230;&#8230;&#8230;.. y en ejercicio del derecho que me concede la Ley 3\/2014 de 27 de marzo por la que se modifica el texto refundido de la Ley General para la Defensa de los Consumidores y Usuarios dentro del plazo de 14 d\u00edas naturales desde la fecha de recepci\u00f3n:<\/p>\n<h3><strong>MANIFIESTO<\/strong><\/h3>\n<ol>\n<li>Que en fecha&#8230;&#8230;&#8230;&#8230;&#8230;&#8230;&#8230; adquir\u00ed a la pagina web de  () el producto con n\u00famero de referencia&#8230;&#8230;&#8230;&#8230;&#8230;&#8230;&#8230;..<\/li>\n<li>Que he sido informado de mi derecho a desistir del contrato de compra dentro del plazo de 14 d\u00edas naturales desde la recepci\u00f3n del producto, sin necesidad de indicar los motivos.<\/li>\n<li>Que adjunto al presente documento de desistimiento copia de la factura de compra del producto adquirido.<\/li>\n<li>Que ejerzo al derecho de desistimiento, devolviendo el correspondiente producto en perfecto estado con su embalaje original.<\/li>\n<\/ol>\n<p>&nbsp;<\/p>\n<p>&nbsp;<\/p>\n<p>&nbsp;<\/p>\n<p>En &#8230;&#8230;&#8230;&#8230;&#8230;&#8230;&#8230;&#8230;&#8230;&#8230; a &#8230;&#8230;&#8230;. de &#8230;&#8230;&#8230;&#8230;&#8230;&#8230;&#8230;&#8230;&#8230;&#8230;&#8230;.. de 20&#8230;.<\/p>\n<p>Firmado. &#8230;&#8230;&#8230;&#8230;&#8230;&#8230;&#8230;&#8230;&#8230;&#8230;&#8230;&#8230;&#8230;.<\/p>\n<p>&nbsp;<\/p>\n\n<h2>PRINCIPALES DISPOSICIONES LEGALES APLICABLES AL DERECHO DE DESISTIMIENTO<\/h2>\n<p><strong>Ley 3\/2014 de 27 de marzo por la que se modifica el texto refundido de la Ley General para la Defensa de los <\/strong><\/p>\n<p><strong>Consumidores y Usuarios <\/strong><\/p>\n<h3>Art\u00edculo 102 Derecho de desistimiento<\/h3>\n<ol>\n<li><em>Salvo las excepciones previstas en el art\u00edculo 103, el consumidor y usuario tendr\u00e1 derecho a desistir del contrato durante un periodo de 14 d\u00edas naturales sin indicar el motivo y sin incurrir en ning\u00fan coste distinto de los previstos en los art\u00edculos 107.2 y 108. <\/em><\/li>\n<li><em>Ser\u00e1n nulas de pleno derecho las cl\u00e1usulas que impongan al consumidor y usuario una penalizaci\u00f3n por el ejercicio de su derecho de desistimiento o la renuncia al mismo.<\/em><em style=\"font-size: 16px;\">\u00a0 \u00a0 \u00a0 \u00a0 \u00a0 \u00a0<\/em><\/li>\n<\/ol>\n<h3>Art\u00edculo 103 Excepciones al derecho de desistimiento<\/h3>\n<p><em>El derecho de desistimiento no ser\u00e1 aplicable a los contratos que se refieran a: <\/em><\/p>\n<ol style=\"list-style: lower-alpha;\" type=\"a\">\n<li>La prestaci\u00f3n de servicios, una vez que el servicio haya sido completamente ejecutado, cuando la ejecuci\u00f3n haya comenzado, con previo consentimiento expreso del consumidor y usuario y con el reconocimiento por su parte de que es consciente de que, una vez que el contrato haya sido completamente ejecutado por el empresario, habr\u00e1 perdido su derecho de desistimiento.<\/li>\n<li>El suministro de bienes o la prestaci\u00f3n de servicios cuyo precio dependa de fluctuaciones del mercado financiero que el empresario no pueda controlar y que puedan producirse durante el periodo de desistimiento.<\/li>\n<li>El suministro de bienes confeccionados conforme a las especificaciones del consumidor y usuario o claramente personalizados.<\/li>\n<li>El suministro de bienes que puedan deteriorarse o caducar con rapidez.<\/li>\n<li>El suministro de bienes precintados que no sean aptos para ser devueltos por razones de protecci\u00f3n de la salud o de higiene y que hayan sido desprecintados tras la entrega.<\/li>\n<li>El suministro de bienes que despu\u00e9s de su entrega y teniendo en cuenta su naturaleza se hayan mezclado de forma indisociable con otros bienes.<\/li>\n<li>El suministro de bebidas alcoh\u00f3licas cuyo precio haya sido acordado en el momento de celebrar el contrato de venta y que no puedan ser entregadas antes de 30 d\u00edas, y cuyo valor real dependa de fluctuaciones del mercado que el empresario no pueda controlar.<\/li>\n<li>Los contratos en los que el consumidor y usuario haya solicitado espec\u00edficamente al empresario que le visite para efectuar operaciones de reparaci\u00f3n o mantenimiento urgente; si, en esa visita, el empresario presta servicios adicionales a los solicitados espec\u00edficamente por el consumidor o suministra bienes distintos de las piezas de recambio utilizadas necesariamente para efectuar las operaciones de mantenimiento o reparaci\u00f3n, el derecho de desistimiento debe aplicarse a dichos servicios o bienes adicionales.<\/li>\n<li>El suministro de grabaciones sonoras o de v\u00eddeo precintadas o de programas inform\u00e1ticos precintados que hayan sido desprecintados por el consumidor y usuario despu\u00e9s de la entrega.<\/li>\n<li>El suministro de prensa diaria, publicaciones peri\u00f3dicas o revistas, con la excepci\u00f3n de los contratos de suscripci\u00f3n para el suministro de tales publicaciones.<\/li>\n<li>Los contratos celebrados mediante subastas p\u00fablicas.<\/li>\n<li>El suministro de servicios de alojamiento para fines distintos del de servir de vivienda, transporte de bienes, alquiler de veh\u00edculos, comida o servicios relacionados con actividades de esparcimiento, si los contratos prev\u00e9n una fecha o un periodo de ejecuci\u00f3n espec\u00edficos.<\/li>\n<li>El suministro de contenido digital que no se preste en un soporte material cuando la ejecuci\u00f3n haya comenzado con el previo consentimiento expreso del consumidor y usuario con el conocimiento por su parte de que en consecuencia pierde su derecho de desistimiento.<\/li>\n<\/ol>\n<p>&nbsp;<\/p>\n<h3>Art\u00edculo 107 Obligaciones y derechos del empresario en caso de desistimiento<\/h3>\n<ol>\n<li><em>El empresario reembolsar\u00e1 todo pago recibido del consumidor y usuario, incluidos, en su caso, los costes de entrega, sin demoras indebidas y, en cualquier caso, antes de que hayan transcurrido 14 d\u00edas naturales desde la fecha en que haya sido informado de la decisi\u00f3n de desistimiento del contrato del consumidor y usuario de conformidad con el art\u00edculo 106.<\/em><\/li>\n<\/ol>\n<p><em>En caso de retraso injustificado por parte del empresario respecto a la devoluci\u00f3n de las sumas abonadas, el consumidor y usuario podr\u00e1 reclamar que se le pague el doble del importe adeudado, sin perjuicio a su derecho de ser indemnizado por los da\u00f1os y perjuicios sufridos en los que excedan de dicha cantidad.<\/em><\/p>\n<ol start=\"2\">\n<li><em>No obstante lo dispuesto en el apartado 1, en caso de que el consumidor y usuario haya seleccionado expresamente una modalidad de entrega diferente a la modalidad menos costosa de entrega ordinaria, el empresario no estar\u00e1 obligado a reembolsar los costes adicionales que de ello se deriven.<\/em><\/li>\n<li><em>Salvo en caso de que el empresario se haya ofrecido a recoger \u00e9l mismo los bienes, en los contratos de venta, el empresario podr\u00e1 retener el reembolso hasta haber recibido los bienes, o hasta que el consumidor y usuario haya presentado una prueba de la devoluci\u00f3n de los bienes, seg\u00fan qu\u00e9 condici\u00f3n se cumpla primero.<\/em><\/li>\n<\/ol>\n<p><em>\u00a0\u00a0\u00a0\u00a0\u00a0\u00a0\u00a0\u00a0\u00a0\u00a0\u00a0 <\/em><\/p>\n<h3>Art\u00edculo 108 Obligaciones y responsabilidad del consumidor y usuario en caso de desistimiento<\/h3>\n<ol>\n<li><em>Salvo si el propio empresario se ofrece a recoger los bienes, el consumidor y usuario deber\u00e1 devolverlos o entregarlos al empresario, o a una persona autorizada por el empresario a recibirlos, sin ninguna demora indebida y, en cualquier caso, a m\u00e1s tardar en el plazo de 14 d\u00edas naturales a partir de la fecha en que comunique su decisi\u00f3n de desistimiento del contrato al empresario, de conformidad con el art\u00edculo 106. Se considerar\u00e1 cumplido el plazo si el consumidor y usuario efect\u00faa la devoluci\u00f3n de los bienes antes de que haya concluido el plazo de 14 d\u00edas naturales. <\/em><\/li>\n<\/ol>\n<p><em>El consumidor y usuario s\u00f3lo soportar\u00e1 los costes directos de devoluci\u00f3n de los bienes, salvo si el empresario ha aceptado asumirlos o no le ha informado de que le corresponde asumir esos costes. <\/em><\/p>\n<p><em>En el caso de contratos celebrados fuera del establecimiento en los que los bienes se hayan entregado ya en el domicilio del consumidor y usuario en el momento de celebrarse el contrato, el empresario recoger\u00e1 a su propio cargo los bienes cuando, por la naturaleza de los mismos, no puedan devolverse por correo. <\/em><\/p>\n<ol start=\"2\">\n<li><em>El consumidor y usuario s\u00f3lo ser\u00e1 responsable de la disminuci\u00f3n de valor de los bienes resultante de una manipulaci\u00f3n de los mismos distinta a la necesaria para establecer su naturaleza, sus caracter\u00edsticas o su funcionamiento. En ning\u00fan caso ser\u00e1 responsable de la disminuci\u00f3n de valor de los bienes si el empresario no le ha informado de su derecho de desistimiento con arreglo al art\u00edculo 97.1.i). <\/em><\/li>\n<li><em>Cuando un consumidor y usuario ejerza el derecho de desistimiento tras haber realizado una solicitud de conformidad con lo dispuesto en el art\u00edculo 98.8 o en el art\u00edculo 99.3, abonar\u00e1 al empresario un importe proporcional a la parte ya prestada del servicio en el momento en que haya informado al empresario del ejercicio del derecho de desistimiento, en relaci\u00f3n con el objeto total del contrato. El importe proporcional que habr\u00e1 de abonar al empresario se calcular\u00e1 sobre la base del precio total acordado en el contrato. En caso de que el precio total sea excesivo, el importe proporcional se calcular\u00e1 sobre la base del valor de mercado de la parte ya prestada del servicio. <\/em><\/li>\n<li><em>El consumidor y usuario no asumir\u00e1 ning\u00fan coste por: <\/em><\/li>\n<li><em>Con excepci\u00f3n de lo dispuesto en el art\u00edculo 107.2, y en este art\u00edculo, el consumidor y usuario no incurrir\u00e1 en ninguna responsabilidad como consecuencia del ejercicio del derecho de desistimiento.<\/em><\/li>\n<\/ol>\n","protected":false},"excerpt":{"rendered":"<p>*Este documento tiene que ser cumplimentado, firmado y enviado en cualquier forma que acredite la fecha de env\u00edo a , domicilio en junto con el producto devuelto y la copia de la factura. De conformidad con el art\u00edculo 70 de la Ley 1\/2007: \u201cEl ejercicio del derecho de desistimiento no estar\u00e1 sujeto a formalidad alguna, [&hellip;]<\/p>\n","protected":false},"author":1,"featured_media":0,"parent":0,"menu_order":11,"comment_status":"closed","ping_status":"closed","template":"","meta":{"site-sidebar-layout":"no-sidebar","site-content-layout":"","ast-site-content-layout":"normal-width-container","site-content-style":"default","site-sidebar-style":"default","ast-global-header-display":"","ast-banner-title-visibility":"","ast-main-header-display":"","ast-hfb-above-header-display":"","ast-hfb-below-header-display":"","ast-hfb-mobile-header-display":"","site-post-title":"","ast-breadcrumbs-content":"","ast-featured-img":"","footer-sml-layout":"","ast-disable-related-posts":"","theme-transparent-header-meta":"default","adv-header-id-meta":"","stick-header-meta":"default","header-above-stick-meta":"","header-main-stick-meta":"","header-below-stick-meta":"","astra-migrate-meta-layouts":"set","ast-page-background-enabled":"default","ast-page-background-meta":{"desktop":{"background-color":"","background-image":"","background-repeat":"repeat","background-position":"center center","background-size":"auto","background-attachment":"scroll","background-type":"","background-media":"","overlay-type":"","overlay-color":"","overlay-opacity":"","overlay-gradient":""},"tablet":{"background-color":"","background-image":"","background-repeat":"repeat","background-position":"center center","background-size":"auto","background-attachment":"scroll","background-type":"","background-media":"","overlay-type":"","overlay-color":"","overlay-opacity":"","overlay-gradient":""},"mobile":{"background-color":"","background-image":"","background-repeat":"repeat","background-position":"center center","background-size":"auto","background-attachment":"scroll","background-type":"","background-media":"","overlay-type":"","overlay-color":"","overlay-opacity":"","overlay-gradient":""}},"ast-content-background-meta":{"desktop":{"background-color":"var(--ast-global-color-5)","background-image":"","background-repeat":"repeat","background-position":"center center","background-size":"auto","background-attachment":"scroll","background-type":"","background-media":"","overlay-type":"","overlay-color":"","overlay-opacity":"","overlay-gradient":""},"tablet":{"background-color":"var(--ast-global-color-5)","background-image":"","background-repeat":"repeat","background-position":"center center","background-size":"auto","background-attachment":"scroll","background-type":"","background-media":"","overlay-type":"","overlay-color":"","overlay-opacity":"","overlay-gradient":""},"mobile":{"background-color":"var(--ast-global-color-5)","background-image":"","background-repeat":"repeat","background-position":"center center","background-size":"auto","background-attachment":"scroll","background-type":"","background-media":"","overlay-type":"","overlay-color":"","overlay-opacity":"","overlay-gradient":""}},"footnotes":""},"class_list":["post-441","page","type-page","status-publish","hentry"],"acf":[],"yoast_head":"<!-- This site is optimized with the Yoast SEO plugin v27.4 - https:\/\/yoast.com\/product\/yoast-seo-wordpress\/ -->\n<title>Documento de desistimiento * - T\u00edtulo de la tienda<\/title>\n<meta name=\"description\" content=\"*Este documento tiene que ser cumplimentado, firmado y enviado en cualquier forma que acredite la fecha de env\u00edo a , domicilio en junto con el producto\" \/>\n<meta name=\"robots\" content=\"noindex, follow, max-snippet:-1, max-image-preview:large, max-video-preview:-1\" \/>\n<meta property=\"og:locale\" content=\"es_ES\" \/>\n<meta property=\"og:type\" content=\"article\" \/>\n<meta property=\"og:title\" content=\"Documento de desistimiento * - T\u00edtulo de la tienda\" \/>\n<meta property=\"og:description\" content=\"*Este documento tiene que ser cumplimentado, firmado y enviado en cualquier forma que acredite la fecha de env\u00edo a , domicilio en junto con el producto\" \/>\n<meta property=\"og:url\" content=\"https:\/\/wp.aloojamiento.com\/tienda\/documento-de-desistimiento\/\" \/>\n<meta property=\"og:site_name\" content=\"T\u00edtulo de la tienda\" \/>\n<meta property=\"article:modified_time\" content=\"2023-12-28T15:20:20+00:00\" \/>\n<meta name=\"twitter:card\" content=\"summary_large_image\" \/>\n<meta name=\"twitter:label1\" content=\"Tiempo de lectura\" \/>\n\t<meta name=\"twitter:data1\" content=\"7 minutos\" \/>\n<script type=\"application\/ld+json\" class=\"yoast-schema-graph\">{\"@context\":\"https:\\\/\\\/schema.org\",\"@graph\":[{\"@type\":\"WebPage\",\"@id\":\"https:\\\/\\\/wp.aloojamiento.com\\\/tienda\\\/documento-de-desistimiento\\\/\",\"url\":\"https:\\\/\\\/wp.aloojamiento.com\\\/tienda\\\/documento-de-desistimiento\\\/\",\"name\":\"Documento de desistimiento * - T\u00edtulo de la tienda\",\"isPartOf\":{\"@id\":\"https:\\\/\\\/wp.aloojamiento.com\\\/tienda\\\/#website\"},\"datePublished\":\"2023-12-28T14:07:23+00:00\",\"dateModified\":\"2023-12-28T15:20:20+00:00\",\"description\":\"*Este documento tiene que ser cumplimentado, firmado y enviado en cualquier forma que acredite la fecha de env\u00edo a , domicilio en junto con el producto\",\"breadcrumb\":{\"@id\":\"https:\\\/\\\/wp.aloojamiento.com\\\/tienda\\\/documento-de-desistimiento\\\/#breadcrumb\"},\"inLanguage\":\"es\",\"potentialAction\":[{\"@type\":\"ReadAction\",\"target\":[\"https:\\\/\\\/wp.aloojamiento.com\\\/tienda\\\/documento-de-desistimiento\\\/\"]}]},{\"@type\":\"BreadcrumbList\",\"@id\":\"https:\\\/\\\/wp.aloojamiento.com\\\/tienda\\\/documento-de-desistimiento\\\/#breadcrumb\",\"itemListElement\":[{\"@type\":\"ListItem\",\"position\":1,\"name\":\"Home\",\"item\":\"https:\\\/\\\/wp.aloojamiento.com\\\/tienda\\\/\"},{\"@type\":\"ListItem\",\"position\":2,\"name\":\"Documento de desistimiento *\"}]},{\"@type\":\"WebSite\",\"@id\":\"https:\\\/\\\/wp.aloojamiento.com\\\/tienda\\\/#website\",\"url\":\"https:\\\/\\\/wp.aloojamiento.com\\\/tienda\\\/\",\"name\":\"T\u00edtulo de la tienda\",\"description\":\"Descripci\u00f3n de la tienda\",\"potentialAction\":[{\"@type\":\"SearchAction\",\"target\":{\"@type\":\"EntryPoint\",\"urlTemplate\":\"https:\\\/\\\/wp.aloojamiento.com\\\/tienda\\\/?s={search_term_string}\"},\"query-input\":{\"@type\":\"PropertyValueSpecification\",\"valueRequired\":true,\"valueName\":\"search_term_string\"}}],\"inLanguage\":\"es\"}]}<\/script>\n<!-- \/ Yoast SEO plugin. -->","yoast_head_json":{"title":"Documento de desistimiento * - T\u00edtulo de la tienda","description":"*Este documento tiene que ser cumplimentado, firmado y enviado en cualquier forma que acredite la fecha de env\u00edo a , domicilio en junto con el producto","robots":{"index":"noindex","follow":"follow","max-snippet":"max-snippet:-1","max-image-preview":"max-image-preview:large","max-video-preview":"max-video-preview:-1"},"og_locale":"es_ES","og_type":"article","og_title":"Documento de desistimiento * - T\u00edtulo de la tienda","og_description":"*Este documento tiene que ser cumplimentado, firmado y enviado en cualquier forma que acredite la fecha de env\u00edo a , domicilio en junto con el producto","og_url":"https:\/\/wp.aloojamiento.com\/tienda\/documento-de-desistimiento\/","og_site_name":"T\u00edtulo de la tienda","article_modified_time":"2023-12-28T15:20:20+00:00","twitter_card":"summary_large_image","twitter_misc":{"Tiempo de lectura":"7 minutos"},"schema":{"@context":"https:\/\/schema.org","@graph":[{"@type":"WebPage","@id":"https:\/\/wp.aloojamiento.com\/tienda\/documento-de-desistimiento\/","url":"https:\/\/wp.aloojamiento.com\/tienda\/documento-de-desistimiento\/","name":"Documento de desistimiento * - T\u00edtulo de la tienda","isPartOf":{"@id":"https:\/\/wp.aloojamiento.com\/tienda\/#website"},"datePublished":"2023-12-28T14:07:23+00:00","dateModified":"2023-12-28T15:20:20+00:00","description":"*Este documento tiene que ser cumplimentado, firmado y enviado en cualquier forma que acredite la fecha de env\u00edo a , domicilio en junto con el producto","breadcrumb":{"@id":"https:\/\/wp.aloojamiento.com\/tienda\/documento-de-desistimiento\/#breadcrumb"},"inLanguage":"es","potentialAction":[{"@type":"ReadAction","target":["https:\/\/wp.aloojamiento.com\/tienda\/documento-de-desistimiento\/"]}]},{"@type":"BreadcrumbList","@id":"https:\/\/wp.aloojamiento.com\/tienda\/documento-de-desistimiento\/#breadcrumb","itemListElement":[{"@type":"ListItem","position":1,"name":"Home","item":"https:\/\/wp.aloojamiento.com\/tienda\/"},{"@type":"ListItem","position":2,"name":"Documento de desistimiento *"}]},{"@type":"WebSite","@id":"https:\/\/wp.aloojamiento.com\/tienda\/#website","url":"https:\/\/wp.aloojamiento.com\/tienda\/","name":"T\u00edtulo de la tienda","description":"Descripci\u00f3n de la tienda","potentialAction":[{"@type":"SearchAction","target":{"@type":"EntryPoint","urlTemplate":"https:\/\/wp.aloojamiento.com\/tienda\/?s={search_term_string}"},"query-input":{"@type":"PropertyValueSpecification","valueRequired":true,"valueName":"search_term_string"}}],"inLanguage":"es"}]}},"_links":{"self":[{"href":"https:\/\/wp.aloojamiento.com\/tienda\/wp-json\/wp\/v2\/pages\/441","targetHints":{"allow":["GET"]}}],"collection":[{"href":"https:\/\/wp.aloojamiento.com\/tienda\/wp-json\/wp\/v2\/pages"}],"about":[{"href":"https:\/\/wp.aloojamiento.com\/tienda\/wp-json\/wp\/v2\/types\/page"}],"author":[{"embeddable":true,"href":"https:\/\/wp.aloojamiento.com\/tienda\/wp-json\/wp\/v2\/users\/1"}],"replies":[{"embeddable":true,"href":"https:\/\/wp.aloojamiento.com\/tienda\/wp-json\/wp\/v2\/comments?post=441"}],"version-history":[{"count":5,"href":"https:\/\/wp.aloojamiento.com\/tienda\/wp-json\/wp\/v2\/pages\/441\/revisions"}],"predecessor-version":[{"id":452,"href":"https:\/\/wp.aloojamiento.com\/tienda\/wp-json\/wp\/v2\/pages\/441\/revisions\/452"}],"wp:attachment":[{"href":"https:\/\/wp.aloojamiento.com\/tienda\/wp-json\/wp\/v2\/media?parent=441"}],"curies":[{"name":"wp","href":"https:\/\/api.w.org\/{rel}","templated":true}]}}